{"id":12,"date":"2025-09-24T17:09:11","date_gmt":"2025-09-24T17:09:11","guid":{"rendered":"https:\/\/shd-evenements.fr\/?page_id=12"},"modified":"2025-09-30T08:58:18","modified_gmt":"2025-09-30T08:58:18","slug":"gonflables","status":"publish","type":"page","link":"https:\/\/shd-evenements.fr\/index.php\/gonflables\/","title":{"rendered":"Gonflables"},"content":{"rendered":"\n<p>Toutes nos structures\u00a0gonflables\u00a0sont livr\u00e9es avec piquets, sangles et soufflerie. Toutes nos structures sont notre propri\u00e9t\u00e9. Elles sont certifi\u00e9es conformes\u00a0r\u00e9pondant\u00a0aux normes en vigueur. Nos structures sont assur\u00e9es. Veuillez prendre connaissances de conditions g\u00e9n\u00e9rales de locations.<\/p>\n\n\n\n<div class=\"wp-block-columns is-layout-flex wp-container-core-columns-is-layout-9d6595d7 wp-block-columns-is-layout-flex\">\n<div class=\"wp-block-column is-layout-flow wp-block-column-is-layout-flow\">\n<figure class=\"wp-block-image size-full\"><img loading=\"lazy\" decoding=\"async\" width=\"1024\" height=\"768\" src=\"https:\/\/shd-evenements.fr\/wp-content\/uploads\/2025\/09\/P1010513-1024x768-1.jpg\" alt=\"\" class=\"wp-image-103\"\/><\/figure>\n<\/div>\n\n\n\n<div class=\"wp-block-column is-layout-flow wp-block-column-is-layout-flow\">\n<p>Un gonflable id\u00e9al pour&nbsp;le&nbsp;plaisir des&nbsp;enfants lors d\u2019un anniversaire ou pour f\u00eater un anniversaire&nbsp;d\u2019entreprise avec bougies \u00e0 l\u2019int\u00e9rieur. 6 \u00e0 10 enfants selon les \u00e2ges.<\/p>\n\n\n\n<p>Dimensions : diam\u00e8tre 4 m \u2013 Poids : 100 kg<br><strong>Tarif journ\u00e9e en semaine : 100 \u20ac <\/strong><br><strong>Tarif Samedi et\/ou Dimanche 120 \u20ac<\/strong><\/p>\n<\/div>\n<\/div>\n\n\n\n<div class=\"wp-block-columns is-layout-flex wp-container-core-columns-is-layout-9d6595d7 wp-block-columns-is-layout-flex\">\n<div class=\"wp-block-column is-layout-flow wp-block-column-is-layout-flow\">\n<figure class=\"wp-block-image size-full\"><img loading=\"lazy\" decoding=\"async\" width=\"382\" height=\"336\" src=\"https:\/\/shd-evenements.fr\/wp-content\/uploads\/2025\/09\/kasteel-gelaarsde-kat_f_1_470_1-1.jpg\" alt=\"\" class=\"wp-image-104\"\/><\/figure>\n<\/div>\n\n\n\n<div class=\"wp-block-column is-layout-flow wp-block-column-is-layout-flow\">\n<p>le Chat Bott\u00e9 assurera l\u2019amusement des enfants de tous \u00e2ges lors d\u2019une f\u00eate familiale par exemple<br>6 \u00e0 10 enfants selon les \u00e2ges.<\/p>\n\n\n\n<p>Dimensions :  (l x L x H) 4m x 4,5m x 3,5m<br>Poids : 130 kg<br><strong>Tarif journ\u00e9e en semaine : 100 \u20ac <\/strong><br><strong>Tarif Samedi et\/ou Dimanche 120 \u20ac<\/strong><\/p>\n<\/div>\n<\/div>\n","protected":false},"excerpt":{"rendered":"<p>Toutes nos structures\u00a0gonflables\u00a0sont livr\u00e9es avec piquets, sangles et soufflerie. Toutes nos structures sont notre propri\u00e9t\u00e9. Elles sont certifi\u00e9es conformes\u00a0r\u00e9pondant\u00a0aux normes en vigueur. Nos structures sont assur\u00e9es. Veuillez prendre connaissances de conditions g\u00e9n\u00e9rales de locations. Un gonflable id\u00e9al pour&nbsp;le&nbsp;plaisir des&nbsp;enfants lors d\u2019un anniversaire ou pour f\u00eater un anniversaire&nbsp;d\u2019entreprise avec bougies \u00e0 l\u2019int\u00e9rieur. 6 \u00e0 10 enfants [&hellip;]<\/p>\n","protected":false},"author":1,"featured_media":0,"parent":0,"menu_order":0,"comment_status":"closed","ping_status":"closed","template":"","meta":{"footnotes":""},"class_list":["post-12","page","type-page","status-publish","hentry"],"yoast_head":"<!-- This site is optimized with the Yoast SEO plugin v27.0 - https:\/\/yoast.com\/product\/yoast-seo-wordpress\/ -->\n<title>Gonflables - SHD Ev\u00e9nements<\/title>\n<meta name=\"robots\" content=\"index, follow, max-snippet:-1, max-image-preview:large, max-video-preview:-1\" \/>\n<link rel=\"canonical\" href=\"https:\/\/shd-evenements.fr\/index.php\/gonflables\/\" \/>\n<meta property=\"og:locale\" content=\"fr_FR\" \/>\n<meta property=\"og:type\" content=\"article\" \/>\n<meta property=\"og:title\" content=\"Gonflables - SHD Ev\u00e9nements\" \/>\n<meta property=\"og:description\" content=\"Toutes nos structures\u00a0gonflables\u00a0sont livr\u00e9es avec piquets, sangles et soufflerie. Toutes nos structures sont notre propri\u00e9t\u00e9. Elles sont certifi\u00e9es conformes\u00a0r\u00e9pondant\u00a0aux normes en vigueur. Nos structures sont assur\u00e9es. Veuillez prendre connaissances de conditions g\u00e9n\u00e9rales de locations. Un gonflable id\u00e9al pour&nbsp;le&nbsp;plaisir des&nbsp;enfants lors d\u2019un anniversaire ou pour f\u00eater un anniversaire&nbsp;d\u2019entreprise avec bougies \u00e0 l\u2019int\u00e9rieur. 6 \u00e0 10 enfants [&hellip;]\" \/>\n<meta property=\"og:url\" content=\"https:\/\/shd-evenements.fr\/index.php\/gonflables\/\" \/>\n<meta property=\"og:site_name\" content=\"SHD Ev\u00e9nements\" \/>\n<meta property=\"article:modified_time\" content=\"2025-09-30T08:58:18+00:00\" \/>\n<meta property=\"og:image\" content=\"https:\/\/shd-evenements.fr\/wp-content\/uploads\/2025\/09\/P1010513-1024x768-1.jpg\" \/>\n\t<meta property=\"og:image:width\" content=\"1024\" \/>\n\t<meta property=\"og:image:height\" content=\"768\" \/>\n\t<meta property=\"og:image:type\" content=\"image\/jpeg\" \/>\n<meta name=\"twitter:card\" content=\"summary_large_image\" \/>\n<meta name=\"twitter:label1\" content=\"Dur\u00e9e de lecture estim\u00e9e\" \/>\n\t<meta name=\"twitter:data1\" content=\"1 minute\" \/>\n<script type=\"application\/ld+json\" class=\"yoast-schema-graph\">{\"@context\":\"https:\/\/schema.org\",\"@graph\":[{\"@type\":\"WebPage\",\"@id\":\"https:\/\/shd-evenements.fr\/index.php\/gonflables\/\",\"url\":\"https:\/\/shd-evenements.fr\/index.php\/gonflables\/\",\"name\":\"Gonflables - SHD Ev\u00e9nements\",\"isPartOf\":{\"@id\":\"https:\/\/shd-evenements.fr\/#website\"},\"primaryImageOfPage\":{\"@id\":\"https:\/\/shd-evenements.fr\/index.php\/gonflables\/#primaryimage\"},\"image\":{\"@id\":\"https:\/\/shd-evenements.fr\/index.php\/gonflables\/#primaryimage\"},\"thumbnailUrl\":\"https:\/\/shd-evenements.fr\/wp-content\/uploads\/2025\/09\/P1010513-1024x768-1.jpg\",\"datePublished\":\"2025-09-24T17:09:11+00:00\",\"dateModified\":\"2025-09-30T08:58:18+00:00\",\"breadcrumb\":{\"@id\":\"https:\/\/shd-evenements.fr\/index.php\/gonflables\/#breadcrumb\"},\"inLanguage\":\"fr-FR\",\"potentialAction\":[{\"@type\":\"ReadAction\",\"target\":[\"https:\/\/shd-evenements.fr\/index.php\/gonflables\/\"]}]},{\"@type\":\"ImageObject\",\"inLanguage\":\"fr-FR\",\"@id\":\"https:\/\/shd-evenements.fr\/index.php\/gonflables\/#primaryimage\",\"url\":\"https:\/\/shd-evenements.fr\/wp-content\/uploads\/2025\/09\/P1010513-1024x768-1.jpg\",\"contentUrl\":\"https:\/\/shd-evenements.fr\/wp-content\/uploads\/2025\/09\/P1010513-1024x768-1.jpg\",\"width\":1024,\"height\":768,\"caption\":\"OLYMPUS DIGITAL CAMERA\"},{\"@type\":\"BreadcrumbList\",\"@id\":\"https:\/\/shd-evenements.fr\/index.php\/gonflables\/#breadcrumb\",\"itemListElement\":[{\"@type\":\"ListItem\",\"position\":1,\"name\":\"Accueil\",\"item\":\"https:\/\/shd-evenements.fr\/\"},{\"@type\":\"ListItem\",\"position\":2,\"name\":\"Gonflables\"}]},{\"@type\":\"WebSite\",\"@id\":\"https:\/\/shd-evenements.fr\/#website\",\"url\":\"https:\/\/shd-evenements.fr\/\",\"name\":\"SHD Ev\u00e9nements\",\"description\":\"Nos limites sont celle de votre imagination\",\"potentialAction\":[{\"@type\":\"SearchAction\",\"target\":{\"@type\":\"EntryPoint\",\"urlTemplate\":\"https:\/\/shd-evenements.fr\/?s={search_term_string}\"},\"query-input\":{\"@type\":\"PropertyValueSpecification\",\"valueRequired\":true,\"valueName\":\"search_term_string\"}}],\"inLanguage\":\"fr-FR\"}]}<\/script>\n<!-- \/ Yoast SEO plugin. -->","yoast_head_json":{"title":"Gonflables - SHD Ev\u00e9nements","robots":{"index":"index","follow":"follow","max-snippet":"max-snippet:-1","max-image-preview":"max-image-preview:large","max-video-preview":"max-video-preview:-1"},"canonical":"https:\/\/shd-evenements.fr\/index.php\/gonflables\/","og_locale":"fr_FR","og_type":"article","og_title":"Gonflables - SHD Ev\u00e9nements","og_description":"Toutes nos structures\u00a0gonflables\u00a0sont livr\u00e9es avec piquets, sangles et soufflerie. Toutes nos structures sont notre propri\u00e9t\u00e9. Elles sont certifi\u00e9es conformes\u00a0r\u00e9pondant\u00a0aux normes en vigueur. Nos structures sont assur\u00e9es. Veuillez prendre connaissances de conditions g\u00e9n\u00e9rales de locations. Un gonflable id\u00e9al pour&nbsp;le&nbsp;plaisir des&nbsp;enfants lors d\u2019un anniversaire ou pour f\u00eater un anniversaire&nbsp;d\u2019entreprise avec bougies \u00e0 l\u2019int\u00e9rieur. 6 \u00e0 10 enfants [&hellip;]","og_url":"https:\/\/shd-evenements.fr\/index.php\/gonflables\/","og_site_name":"SHD Ev\u00e9nements","article_modified_time":"2025-09-30T08:58:18+00:00","og_image":[{"width":1024,"height":768,"url":"https:\/\/shd-evenements.fr\/wp-content\/uploads\/2025\/09\/P1010513-1024x768-1.jpg","type":"image\/jpeg"}],"twitter_card":"summary_large_image","twitter_misc":{"Dur\u00e9e de lecture estim\u00e9e":"1 minute"},"schema":{"@context":"https:\/\/schema.org","@graph":[{"@type":"WebPage","@id":"https:\/\/shd-evenements.fr\/index.php\/gonflables\/","url":"https:\/\/shd-evenements.fr\/index.php\/gonflables\/","name":"Gonflables - SHD Ev\u00e9nements","isPartOf":{"@id":"https:\/\/shd-evenements.fr\/#website"},"primaryImageOfPage":{"@id":"https:\/\/shd-evenements.fr\/index.php\/gonflables\/#primaryimage"},"image":{"@id":"https:\/\/shd-evenements.fr\/index.php\/gonflables\/#primaryimage"},"thumbnailUrl":"https:\/\/shd-evenements.fr\/wp-content\/uploads\/2025\/09\/P1010513-1024x768-1.jpg","datePublished":"2025-09-24T17:09:11+00:00","dateModified":"2025-09-30T08:58:18+00:00","breadcrumb":{"@id":"https:\/\/shd-evenements.fr\/index.php\/gonflables\/#breadcrumb"},"inLanguage":"fr-FR","potentialAction":[{"@type":"ReadAction","target":["https:\/\/shd-evenements.fr\/index.php\/gonflables\/"]}]},{"@type":"ImageObject","inLanguage":"fr-FR","@id":"https:\/\/shd-evenements.fr\/index.php\/gonflables\/#primaryimage","url":"https:\/\/shd-evenements.fr\/wp-content\/uploads\/2025\/09\/P1010513-1024x768-1.jpg","contentUrl":"https:\/\/shd-evenements.fr\/wp-content\/uploads\/2025\/09\/P1010513-1024x768-1.jpg","width":1024,"height":768,"caption":"OLYMPUS DIGITAL CAMERA"},{"@type":"BreadcrumbList","@id":"https:\/\/shd-evenements.fr\/index.php\/gonflables\/#breadcrumb","itemListElement":[{"@type":"ListItem","position":1,"name":"Accueil","item":"https:\/\/shd-evenements.fr\/"},{"@type":"ListItem","position":2,"name":"Gonflables"}]},{"@type":"WebSite","@id":"https:\/\/shd-evenements.fr\/#website","url":"https:\/\/shd-evenements.fr\/","name":"SHD Ev\u00e9nements","description":"Nos limites sont celle de votre imagination","potentialAction":[{"@type":"SearchAction","target":{"@type":"EntryPoint","urlTemplate":"https:\/\/shd-evenements.fr\/?s={search_term_string}"},"query-input":{"@type":"PropertyValueSpecification","valueRequired":true,"valueName":"search_term_string"}}],"inLanguage":"fr-FR"}]}},"_links":{"self":[{"href":"https:\/\/shd-evenements.fr\/index.php\/wp-json\/wp\/v2\/pages\/12","targetHints":{"allow":["GET"]}}],"collection":[{"href":"https:\/\/shd-evenements.fr\/index.php\/wp-json\/wp\/v2\/pages"}],"about":[{"href":"https:\/\/shd-evenements.fr\/index.php\/wp-json\/wp\/v2\/types\/page"}],"author":[{"embeddable":true,"href":"https:\/\/shd-evenements.fr\/index.php\/wp-json\/wp\/v2\/users\/1"}],"replies":[{"embeddable":true,"href":"https:\/\/shd-evenements.fr\/index.php\/wp-json\/wp\/v2\/comments?post=12"}],"version-history":[{"count":3,"href":"https:\/\/shd-evenements.fr\/index.php\/wp-json\/wp\/v2\/pages\/12\/revisions"}],"predecessor-version":[{"id":105,"href":"https:\/\/shd-evenements.fr\/index.php\/wp-json\/wp\/v2\/pages\/12\/revisions\/105"}],"wp:attachment":[{"href":"https:\/\/shd-evenements.fr\/index.php\/wp-json\/wp\/v2\/media?parent=12"}],"curies":[{"name":"wp","href":"https:\/\/api.w.org\/{rel}","templated":true}]}}