{"id":16,"date":"2025-09-24T17:09:45","date_gmt":"2025-09-24T17:09:45","guid":{"rendered":"https:\/\/shd-evenements.fr\/?page_id=16"},"modified":"2025-09-30T12:59:08","modified_gmt":"2025-09-30T12:59:08","slug":"jeux-en-bois","status":"publish","type":"page","link":"https:\/\/shd-evenements.fr\/index.php\/jeux-en-bois\/","title":{"rendered":"Jeux en bois"},"content":{"rendered":"<div class=\"wp-block-image\">\n<figure class=\"aligncenter size-full is-resized\"><img loading=\"lazy\" decoding=\"async\" width=\"253\" height=\"199\" src=\"https:\/\/shd-evenements.fr\/wp-content\/uploads\/2025\/09\/jeux-removebg-preview.png\" alt=\"\" class=\"wp-image-117\" style=\"width:345px;height:auto\"\/><\/figure>\n<\/div>\n\n\n<div class=\"wp-block-columns is-layout-flex wp-container-core-columns-is-layout-9d6595d7 wp-block-columns-is-layout-flex\">\n<div class=\"wp-block-column is-layout-flow wp-block-column-is-layout-flow\"><div class=\"wp-block-image\">\n<figure class=\"aligncenter size-full is-resized\"><img loading=\"lazy\" decoding=\"async\" width=\"130\" height=\"170\" src=\"https:\/\/shd-evenements.fr\/wp-content\/uploads\/2025\/09\/culbuto.jpg\" alt=\"\" class=\"wp-image-118\" style=\"width:217px;height:auto\"\/><\/figure>\n<\/div><\/div>\n\n\n\n<div class=\"wp-block-column is-layout-flow wp-block-column-is-layout-flow\">\n<p><strong>LE CULBUTO<\/strong><\/p>\n\n\n\n<p>Mettre les 8 boules en bois au dessus de la barre et en prenant le jeu par cette barre, essayer de diriger toutes les boules en m\u00eame temps dans les trous sans qu\u2019elles tombent dans le niveau inf\u00e9rieur.<\/p>\n\n\n\n<p>Dimensions : env 120 x 50 cm<br>Tarif location : 15 \u20ac<\/p>\n<\/div>\n<\/div>\n\n\n\n<div class=\"wp-block-columns is-layout-flex wp-container-core-columns-is-layout-9d6595d7 wp-block-columns-is-layout-flex\">\n<div class=\"wp-block-column is-layout-flow wp-block-column-is-layout-flow\"><div class=\"wp-block-image\">\n<figure class=\"aligncenter size-full is-resized\"><img loading=\"lazy\" decoding=\"async\" width=\"124\" height=\"160\" src=\"https:\/\/shd-evenements.fr\/wp-content\/uploads\/2025\/09\/img31.jpg\" alt=\"\" class=\"wp-image-119\" style=\"width:225px;height:auto\"\/><\/figure>\n<\/div><\/div>\n\n\n\n<div class=\"wp-block-column is-layout-flow wp-block-column-is-layout-flow\">\n<p><strong>LE TRIANGLE<\/strong><\/p>\n\n\n\n<p>Marquer le maximum de points sans faire tomber les palets dans le niveau inf\u00e9rieur.<\/p>\n\n\n\n<p>Dimensions : env 120 x 50 cm<br>Tarif location : 15 \u20ac<\/p>\n<\/div>\n<\/div>\n\n\n\n<div class=\"wp-block-columns is-layout-flex wp-container-core-columns-is-layout-9d6595d7 wp-block-columns-is-layout-flex\">\n<div class=\"wp-block-column is-layout-flow wp-block-column-is-layout-flow\"><div class=\"wp-block-image\">\n<figure class=\"aligncenter size-full is-resized\"><img loading=\"lazy\" decoding=\"async\" width=\"130\" height=\"170\" src=\"https:\/\/shd-evenements.fr\/wp-content\/uploads\/2025\/09\/tableglisse.jpg\" alt=\"\" class=\"wp-image-120\" style=\"width:191px;height:auto\"\/><\/figure>\n<\/div><\/div>\n\n\n\n<div class=\"wp-block-column is-layout-flow wp-block-column-is-layout-flow\">\n<p><strong>LA TABLE A GLISSER<\/strong><br>Le premier joueur qui marque 3 buts gagne la partie. Chaque joueur tente de pousser le palet dans le camp adverse<\/p>\n\n\n\n<p>Dimensions : env 120 x 50 cm<br>Tarif location : 15 \u20ac<\/p>\n<\/div>\n<\/div>\n\n\n\n<div class=\"wp-block-columns is-layout-flex wp-container-core-columns-is-layout-9d6595d7 wp-block-columns-is-layout-flex\">\n<div class=\"wp-block-column is-layout-flow wp-block-column-is-layout-flow\"><div class=\"wp-block-image\">\n<figure class=\"aligncenter size-full\"><img loading=\"lazy\" decoding=\"async\" width=\"183\" height=\"300\" src=\"https:\/\/shd-evenements.fr\/wp-content\/uploads\/2025\/09\/v6959_1-183x300-1.jpg\" alt=\"\" class=\"wp-image-122\"\/><\/figure>\n<\/div><\/div>\n\n\n\n<div class=\"wp-block-column is-layout-flow wp-block-column-is-layout-flow\">\n<p><strong>LE DOUBLE CHINOIS<\/strong><\/p>\n\n\n\n<p>\u00catre le premier joueur \u00e0 occuper ses 4 trous par une boule le plus rapidement possible. Mais attention de ne combler les trous de votre adversaire ou de ne pas vous retrouver sans boule \u00e0 jouer.<\/p>\n\n\n\n<p>Dimensions : env 120 x 50 cm<br>Tarif location : 15 \u20ac<\/p>\n<\/div>\n<\/div>\n\n\n\n<div class=\"wp-block-columns is-layout-flex wp-container-core-columns-is-layout-9d6595d7 wp-block-columns-is-layout-flex\">\n<div class=\"wp-block-column is-layout-flow wp-block-column-is-layout-flow\"><div class=\"wp-block-image\">\n<figure class=\"aligncenter size-full is-resized\"><img loading=\"lazy\" decoding=\"async\" width=\"130\" height=\"170\" src=\"https:\/\/shd-evenements.fr\/wp-content\/uploads\/2025\/09\/anneauquille.jpg\" alt=\"\" class=\"wp-image-123\" style=\"width:188px;height:auto\"\/><\/figure>\n<\/div><\/div>\n\n\n\n<div class=\"wp-block-column is-layout-flow wp-block-column-is-layout-flow\">\n<p><strong>ANNEAUX QUILLES<\/strong><br>Les&nbsp; joueurs d\u00e9terminent une ligne de tir et lancent chacun leur tour les 6 anneaux.&nbsp; Le joueur qui met le plus d\u2019anneau autour des quilles remporte le jeu.<br><br>Dimensions : env 50 x 50 cm<br>Tarif location : 15 \u20ac<\/p>\n<\/div>\n<\/div>\n\n\n\n<div class=\"wp-block-columns is-layout-flex wp-container-core-columns-is-layout-9d6595d7 wp-block-columns-is-layout-flex\">\n<div class=\"wp-block-column is-layout-flow wp-block-column-is-layout-flow\"><div class=\"wp-block-image\">\n<figure class=\"aligncenter size-full is-resized\"><img loading=\"lazy\" decoding=\"async\" width=\"314\" height=\"210\" src=\"https:\/\/shd-evenements.fr\/wp-content\/uploads\/2025\/09\/ski-cooperatif.jpg\" alt=\"\" class=\"wp-image-124\" style=\"width:230px;height:auto\"\/><\/figure>\n<\/div><\/div>\n\n\n\n<div class=\"wp-block-column is-layout-flow wp-block-column-is-layout-flow\">\n<p><strong>UNE PAIRE DE SKI<\/strong><br>Jeu de coordination et d\u2019\u00e9quipes tr\u00e8s dr\u00f4le !<br><br>Dimensions : 157 x 10 cm<br>Tarif location : 15 \u20ac pour 1 paire<\/p>\n<\/div>\n<\/div>\n\n\n\n<div class=\"wp-block-columns is-layout-flex wp-container-core-columns-is-layout-9d6595d7 wp-block-columns-is-layout-flex\">\n<div class=\"wp-block-column is-layout-flow wp-block-column-is-layout-flow\"><div class=\"wp-block-image\">\n<figure class=\"aligncenter size-full\"><img loading=\"lazy\" decoding=\"async\" width=\"160\" height=\"137\" src=\"https:\/\/shd-evenements.fr\/wp-content\/uploads\/2025\/09\/batonnets1.jpg\" alt=\"\" class=\"wp-image-126\"\/><\/figure>\n<\/div><\/div>\n\n\n\n<div class=\"wp-block-column is-layout-flow wp-block-column-is-layout-flow\">\n<p><strong>LE JEU DES BATONNETS<\/strong><br>Le jeu vu \u00e0 Fort Boyart. Les joueurs retirent chacun \u00e0 leur tour 1, 2 ou 3 b\u00e2tonnets. Celui qui prend le dernier \u00e0 perdu.<br>Tarif location : 10 \u20ac<\/p>\n<\/div>\n<\/div>\n\n\n\n<div class=\"wp-block-columns is-layout-flex wp-container-core-columns-is-layout-9d6595d7 wp-block-columns-is-layout-flex\">\n<div class=\"wp-block-column is-layout-flow wp-block-column-is-layout-flow\"><div class=\"wp-block-image\">\n<figure class=\"aligncenter size-full\"><img loading=\"lazy\" decoding=\"async\" width=\"152\" height=\"160\" src=\"https:\/\/shd-evenements.fr\/wp-content\/uploads\/2025\/09\/img55-1.jpg\" alt=\"\" class=\"wp-image-128\"\/><\/figure>\n<\/div><\/div>\n\n\n\n<div class=\"wp-block-column is-layout-flow wp-block-column-is-layout-flow\">\n<p><strong>LES QUILLES<\/strong><\/p>\n\n\n\n<p>Faire tomber un maximum de quilles avec 2 lanc\u00e9s de boule en bois. 9 quilles et boules en bois.<br>Dimensions : 30 x 5 cm<br>Tarif location : 10 \u20ac<\/p>\n<\/div>\n<\/div>\n\n\n\n<div class=\"wp-block-columns is-layout-flex wp-container-core-columns-is-layout-9d6595d7 wp-block-columns-is-layout-flex\">\n<div class=\"wp-block-column is-layout-flow wp-block-column-is-layout-flow\"><div class=\"wp-block-image\">\n<figure class=\"aligncenter size-full is-resized\"><img loading=\"lazy\" decoding=\"async\" width=\"160\" height=\"113\" src=\"https:\/\/shd-evenements.fr\/wp-content\/uploads\/2025\/09\/imgE-1.jpg\" alt=\"\" class=\"wp-image-130\" style=\"width:221px;height:auto\"\/><\/figure>\n<\/div><\/div>\n\n\n\n<div class=\"wp-block-column is-layout-flow wp-block-column-is-layout-flow\">\n<p><strong>FERMEZ LA BOITE<\/strong><br>Apr\u00e8s avoir lanc\u00e9 les d\u00e9s, le joueur ferme les clapets dont les chiffres correspondent au tirage soit en prenant s\u00e9par\u00e9ment les 2 points de chaque d\u00e9, soit en les additionnant.<\/p>\n\n\n\n<p>Dimensions : 25 x 17 cm<br>Tarif location : 10 \u20ac<\/p>\n<\/div>\n<\/div>\n\n\n\n<div class=\"wp-block-columns is-layout-flex wp-container-core-columns-is-layout-9d6595d7 wp-block-columns-is-layout-flex\">\n<div class=\"wp-block-column is-layout-flow wp-block-column-is-layout-flow\"><div class=\"wp-block-image\">\n<figure class=\"aligncenter size-full is-resized\"><img loading=\"lazy\" decoding=\"async\" width=\"140\" height=\"189\" src=\"https:\/\/shd-evenements.fr\/wp-content\/uploads\/2025\/09\/elastique-1.jpg\" alt=\"\" class=\"wp-image-132\" style=\"width:212px;height:auto\"\/><\/figure>\n<\/div><\/div>\n\n\n\n<div class=\"wp-block-column is-layout-flow wp-block-column-is-layout-flow\">\n<p><strong>TABLE ELASTIQUE<\/strong><br>Le gagnant est le premier qui parvient \u00e0 vider son camp de tous les palets. Jeu tr\u00e8s appr\u00e9ci\u00e9 dans les animations et tr\u00e8s amusant. Il n\u2019y a pas de tour de jeu, les joueurs lancent leurs palets en m\u00eame temps le plus vite possible. Tous les palets doivent \u00eatre lanc\u00e9s par l\u2019\u00e9lastique.<br>Dimensions : env 120 x 50 cm<br>Tarif location : 15 \u20ac<\/p>\n<\/div>\n<\/div>\n\n\n\n<div class=\"wp-block-columns is-layout-flex wp-container-core-columns-is-layout-9d6595d7 wp-block-columns-is-layout-flex\">\n<div class=\"wp-block-column is-layout-flow wp-block-column-is-layout-flow\"><\/div>\n\n\n\n<div class=\"wp-block-column is-layout-flow wp-block-column-is-layout-flow\">\n<p><strong>LE BILLARD JAPONAIS<\/strong><br>Des parties courtes et conviviales qui montrent bien qu\u2019il n&rsquo;y a pas toujours besoin d\u2019\u00e9lectronique pour s\u2019amuser.<br>Un jeu de fabrication artisanale o\u00f9 le but sera de loger les boules de bois dans les meilleurs emplacements pour marquer le plus haut score.<br>Dimensions : env 120 x 50 cm<br>Tarif location : 15 \u20ac<\/p>\n<\/div>\n<\/div>\n\n\n\n<div class=\"wp-block-columns is-layout-flex wp-container-core-columns-is-layout-9d6595d7 wp-block-columns-is-layout-flex\">\n<div class=\"wp-block-column is-layout-flow wp-block-column-is-layout-flow\">\n<figure class=\"wp-block-image size-full is-resized\"><img loading=\"lazy\" decoding=\"async\" width=\"2560\" height=\"2205\" src=\"https:\/\/shd-evenements.fr\/wp-content\/uploads\/2025\/09\/pechequille-scaled.png\" alt=\"\" class=\"wp-image-139\" style=\"width:309px;height:auto\"\/><\/figure>\n<\/div>\n\n\n\n<div class=\"wp-block-column is-layout-flow wp-block-column-is-layout-flow\">\n<p><strong>LA P\u00caCHE AUX CANARDS<\/strong><br>Fait pour les petits comme pour les grands. Faites place \u00e0 la convivialit\u00e9 et \u00e0 l\u2019amusement en organisant des concours de p\u00eache \u00e0 la ligne avec ce jeu ancien qui rythmait l\u2019ambiance des tavernes. \u00c0 vos cannes, et que le meilleur gagne !<br>Dimensions : env  x  cm<br>Tarif location : 15 \u20ac<\/p>\n<\/div>\n<\/div>\n","protected":false},"excerpt":{"rendered":"<p>LE CULBUTO Mettre les 8 boules en bois au dessus de la barre et en prenant le jeu par cette barre, essayer de diriger toutes les boules en m\u00eame temps dans les trous sans qu\u2019elles tombent dans le niveau inf\u00e9rieur. Dimensions : env 120 x 50 cmTarif location : 15 \u20ac LE TRIANGLE Marquer le [&hellip;]<\/p>\n","protected":false},"author":1,"featured_media":0,"parent":0,"menu_order":0,"comment_status":"closed","ping_status":"closed","template":"","meta":{"footnotes":""},"class_list":["post-16","page","type-page","status-publish","hentry"],"yoast_head":"<!-- This site is optimized with the Yoast SEO plugin v27.0 - https:\/\/yoast.com\/product\/yoast-seo-wordpress\/ -->\n<title>Jeux en bois - SHD Ev\u00e9nements<\/title>\n<meta name=\"robots\" content=\"index, follow, max-snippet:-1, max-image-preview:large, max-video-preview:-1\" \/>\n<link rel=\"canonical\" href=\"https:\/\/shd-evenements.fr\/index.php\/jeux-en-bois\/\" \/>\n<meta property=\"og:locale\" content=\"fr_FR\" \/>\n<meta property=\"og:type\" content=\"article\" \/>\n<meta property=\"og:title\" content=\"Jeux en bois - SHD Ev\u00e9nements\" \/>\n<meta property=\"og:description\" content=\"LE CULBUTO Mettre les 8 boules en bois au dessus de la barre et en prenant le jeu par cette barre, essayer de diriger toutes les boules en m\u00eame temps dans les trous sans qu\u2019elles tombent dans le niveau inf\u00e9rieur. Dimensions : env 120 x 50 cmTarif location : 15 \u20ac LE TRIANGLE Marquer le [&hellip;]\" \/>\n<meta property=\"og:url\" content=\"https:\/\/shd-evenements.fr\/index.php\/jeux-en-bois\/\" \/>\n<meta property=\"og:site_name\" content=\"SHD Ev\u00e9nements\" \/>\n<meta property=\"article:modified_time\" content=\"2025-09-30T12:59:08+00:00\" \/>\n<meta property=\"og:image\" content=\"https:\/\/shd-evenements.fr\/wp-content\/uploads\/2025\/09\/jeux-removebg-preview.png\" \/>\n\t<meta property=\"og:image:width\" content=\"253\" \/>\n\t<meta property=\"og:image:height\" content=\"199\" \/>\n\t<meta property=\"og:image:type\" content=\"image\/png\" \/>\n<meta name=\"twitter:card\" content=\"summary_large_image\" \/>\n<meta name=\"twitter:label1\" content=\"Dur\u00e9e de lecture estim\u00e9e\" \/>\n\t<meta name=\"twitter:data1\" content=\"2 minutes\" \/>\n<script type=\"application\/ld+json\" class=\"yoast-schema-graph\">{\"@context\":\"https:\/\/schema.org\",\"@graph\":[{\"@type\":\"WebPage\",\"@id\":\"https:\/\/shd-evenements.fr\/index.php\/jeux-en-bois\/\",\"url\":\"https:\/\/shd-evenements.fr\/index.php\/jeux-en-bois\/\",\"name\":\"Jeux en bois - SHD Ev\u00e9nements\",\"isPartOf\":{\"@id\":\"https:\/\/shd-evenements.fr\/#website\"},\"primaryImageOfPage\":{\"@id\":\"https:\/\/shd-evenements.fr\/index.php\/jeux-en-bois\/#primaryimage\"},\"image\":{\"@id\":\"https:\/\/shd-evenements.fr\/index.php\/jeux-en-bois\/#primaryimage\"},\"thumbnailUrl\":\"https:\/\/shd-evenements.fr\/wp-content\/uploads\/2025\/09\/jeux-removebg-preview.png\",\"datePublished\":\"2025-09-24T17:09:45+00:00\",\"dateModified\":\"2025-09-30T12:59:08+00:00\",\"breadcrumb\":{\"@id\":\"https:\/\/shd-evenements.fr\/index.php\/jeux-en-bois\/#breadcrumb\"},\"inLanguage\":\"fr-FR\",\"potentialAction\":[{\"@type\":\"ReadAction\",\"target\":[\"https:\/\/shd-evenements.fr\/index.php\/jeux-en-bois\/\"]}]},{\"@type\":\"ImageObject\",\"inLanguage\":\"fr-FR\",\"@id\":\"https:\/\/shd-evenements.fr\/index.php\/jeux-en-bois\/#primaryimage\",\"url\":\"https:\/\/shd-evenements.fr\/wp-content\/uploads\/2025\/09\/jeux-removebg-preview.png\",\"contentUrl\":\"https:\/\/shd-evenements.fr\/wp-content\/uploads\/2025\/09\/jeux-removebg-preview.png\",\"width\":253,\"height\":199},{\"@type\":\"BreadcrumbList\",\"@id\":\"https:\/\/shd-evenements.fr\/index.php\/jeux-en-bois\/#breadcrumb\",\"itemListElement\":[{\"@type\":\"ListItem\",\"position\":1,\"name\":\"Accueil\",\"item\":\"https:\/\/shd-evenements.fr\/\"},{\"@type\":\"ListItem\",\"position\":2,\"name\":\"Jeux en bois\"}]},{\"@type\":\"WebSite\",\"@id\":\"https:\/\/shd-evenements.fr\/#website\",\"url\":\"https:\/\/shd-evenements.fr\/\",\"name\":\"SHD Ev\u00e9nements\",\"description\":\"Nos limites sont celle de votre imagination\",\"potentialAction\":[{\"@type\":\"SearchAction\",\"target\":{\"@type\":\"EntryPoint\",\"urlTemplate\":\"https:\/\/shd-evenements.fr\/?s={search_term_string}\"},\"query-input\":{\"@type\":\"PropertyValueSpecification\",\"valueRequired\":true,\"valueName\":\"search_term_string\"}}],\"inLanguage\":\"fr-FR\"}]}<\/script>\n<!-- \/ Yoast SEO plugin. -->","yoast_head_json":{"title":"Jeux en bois - SHD Ev\u00e9nements","robots":{"index":"index","follow":"follow","max-snippet":"max-snippet:-1","max-image-preview":"max-image-preview:large","max-video-preview":"max-video-preview:-1"},"canonical":"https:\/\/shd-evenements.fr\/index.php\/jeux-en-bois\/","og_locale":"fr_FR","og_type":"article","og_title":"Jeux en bois - SHD Ev\u00e9nements","og_description":"LE CULBUTO Mettre les 8 boules en bois au dessus de la barre et en prenant le jeu par cette barre, essayer de diriger toutes les boules en m\u00eame temps dans les trous sans qu\u2019elles tombent dans le niveau inf\u00e9rieur. Dimensions : env 120 x 50 cmTarif location : 15 \u20ac LE TRIANGLE Marquer le [&hellip;]","og_url":"https:\/\/shd-evenements.fr\/index.php\/jeux-en-bois\/","og_site_name":"SHD Ev\u00e9nements","article_modified_time":"2025-09-30T12:59:08+00:00","og_image":[{"width":253,"height":199,"url":"https:\/\/shd-evenements.fr\/wp-content\/uploads\/2025\/09\/jeux-removebg-preview.png","type":"image\/png"}],"twitter_card":"summary_large_image","twitter_misc":{"Dur\u00e9e de lecture estim\u00e9e":"2 minutes"},"schema":{"@context":"https:\/\/schema.org","@graph":[{"@type":"WebPage","@id":"https:\/\/shd-evenements.fr\/index.php\/jeux-en-bois\/","url":"https:\/\/shd-evenements.fr\/index.php\/jeux-en-bois\/","name":"Jeux en bois - SHD Ev\u00e9nements","isPartOf":{"@id":"https:\/\/shd-evenements.fr\/#website"},"primaryImageOfPage":{"@id":"https:\/\/shd-evenements.fr\/index.php\/jeux-en-bois\/#primaryimage"},"image":{"@id":"https:\/\/shd-evenements.fr\/index.php\/jeux-en-bois\/#primaryimage"},"thumbnailUrl":"https:\/\/shd-evenements.fr\/wp-content\/uploads\/2025\/09\/jeux-removebg-preview.png","datePublished":"2025-09-24T17:09:45+00:00","dateModified":"2025-09-30T12:59:08+00:00","breadcrumb":{"@id":"https:\/\/shd-evenements.fr\/index.php\/jeux-en-bois\/#breadcrumb"},"inLanguage":"fr-FR","potentialAction":[{"@type":"ReadAction","target":["https:\/\/shd-evenements.fr\/index.php\/jeux-en-bois\/"]}]},{"@type":"ImageObject","inLanguage":"fr-FR","@id":"https:\/\/shd-evenements.fr\/index.php\/jeux-en-bois\/#primaryimage","url":"https:\/\/shd-evenements.fr\/wp-content\/uploads\/2025\/09\/jeux-removebg-preview.png","contentUrl":"https:\/\/shd-evenements.fr\/wp-content\/uploads\/2025\/09\/jeux-removebg-preview.png","width":253,"height":199},{"@type":"BreadcrumbList","@id":"https:\/\/shd-evenements.fr\/index.php\/jeux-en-bois\/#breadcrumb","itemListElement":[{"@type":"ListItem","position":1,"name":"Accueil","item":"https:\/\/shd-evenements.fr\/"},{"@type":"ListItem","position":2,"name":"Jeux en bois"}]},{"@type":"WebSite","@id":"https:\/\/shd-evenements.fr\/#website","url":"https:\/\/shd-evenements.fr\/","name":"SHD Ev\u00e9nements","description":"Nos limites sont celle de votre imagination","potentialAction":[{"@type":"SearchAction","target":{"@type":"EntryPoint","urlTemplate":"https:\/\/shd-evenements.fr\/?s={search_term_string}"},"query-input":{"@type":"PropertyValueSpecification","valueRequired":true,"valueName":"search_term_string"}}],"inLanguage":"fr-FR"}]}},"_links":{"self":[{"href":"https:\/\/shd-evenements.fr\/index.php\/wp-json\/wp\/v2\/pages\/16","targetHints":{"allow":["GET"]}}],"collection":[{"href":"https:\/\/shd-evenements.fr\/index.php\/wp-json\/wp\/v2\/pages"}],"about":[{"href":"https:\/\/shd-evenements.fr\/index.php\/wp-json\/wp\/v2\/types\/page"}],"author":[{"embeddable":true,"href":"https:\/\/shd-evenements.fr\/index.php\/wp-json\/wp\/v2\/users\/1"}],"replies":[{"embeddable":true,"href":"https:\/\/shd-evenements.fr\/index.php\/wp-json\/wp\/v2\/comments?post=16"}],"version-history":[{"count":9,"href":"https:\/\/shd-evenements.fr\/index.php\/wp-json\/wp\/v2\/pages\/16\/revisions"}],"predecessor-version":[{"id":141,"href":"https:\/\/shd-evenements.fr\/index.php\/wp-json\/wp\/v2\/pages\/16\/revisions\/141"}],"wp:attachment":[{"href":"https:\/\/shd-evenements.fr\/index.php\/wp-json\/wp\/v2\/media?parent=16"}],"curies":[{"name":"wp","href":"https:\/\/api.w.org\/{rel}","templated":true}]}}