{"id":20,"date":"2025-09-24T17:11:44","date_gmt":"2025-09-24T17:11:44","guid":{"rendered":"https:\/\/shd-evenements.fr\/?page_id=20"},"modified":"2025-09-30T16:59:50","modified_gmt":"2025-09-30T16:59:50","slug":"materiel-cuisine","status":"publish","type":"page","link":"https:\/\/shd-evenements.fr\/index.php\/materiel-cuisine\/","title":{"rendered":"Mat\u00e9riel cuisine"},"content":{"rendered":"\n<div class=\"wp-block-columns is-layout-flex wp-container-core-columns-is-layout-9d6595d7 wp-block-columns-is-layout-flex\">\n<div class=\"wp-block-column is-layout-flow wp-block-column-is-layout-flow\" style=\"flex-basis:33.33%\">\n<figure class=\"wp-block-image size-full is-resized\"><img loading=\"lazy\" decoding=\"async\" width=\"300\" height=\"300\" src=\"https:\/\/shd-evenements.fr\/wp-content\/uploads\/2025\/09\/fr_pim_180082001001_01-300x300-1.png\" alt=\"\" class=\"wp-image-175\" style=\"width:239px;height:auto\"\/><\/figure>\n<\/div>\n\n\n\n<div class=\"wp-block-column is-layout-flow wp-block-column-is-layout-flow\" style=\"flex-basis:66.66%\">\n<p><strong>Plancha gaz inox 64 x 34 cm Krampouz<\/strong><br><br>Equip\u00e9e d\u2019un syst\u00e8me de r\u00e9gulation thermostatique, cette plancha gaz permet une cuisson de pr\u00e9cision et une r\u00e9activit\u00e9 optimale aux variations de temp\u00e9rature. Sa conception vous assure une r\u00e9partition homog\u00e8ne de la chauffe sur toute la surface<br><strong><strong>Tarif journ\u00e9e semaine : 30 \u20ac Tarif Samedi et\/ou Dimanche\u00a0:<\/strong>\u00a040 \u20ac<\/strong><\/p>\n<\/div>\n<\/div>\n\n\n\n<div class=\"wp-block-columns is-layout-flex wp-container-core-columns-is-layout-9d6595d7 wp-block-columns-is-layout-flex\">\n<div class=\"wp-block-column is-layout-flow wp-block-column-is-layout-flow\" style=\"flex-basis:33.33%\">\n<figure class=\"wp-block-image size-full is-resized\"><img loading=\"lazy\" decoding=\"async\" width=\"400\" height=\"400\" src=\"https:\/\/shd-evenements.fr\/wp-content\/uploads\/2025\/09\/fr_pim_214217001001_01-1.png\" alt=\"\" class=\"wp-image-177\" style=\"width:246px;height:auto\"\/><\/figure>\n<\/div>\n\n\n\n<div class=\"wp-block-column is-layout-flow wp-block-column-is-layout-flow\" style=\"flex-basis:66.66%\">\n<p>C<strong>HAFFING DISH<\/strong><br>Le chauffe-plat est un ustensile de cuisine utile pour garder au chaud toutes vos pr\u00e9parations culinaires.\u00a0<br>Un chafingdish peut \u00eatre aliment\u00e9 soit par des br\u00fbleurs, soit par une alimentation \u00e9lectrique. Lou\u00e9 avec 2 br\u00fbleurs.<br><strong><strong>Tarif journ\u00e9e semaine : 15 \u20ac Tarif Samedi et\/ou Dimanche\u00a0:<\/strong>\u00a020 \u20ac<\/strong><\/p>\n<\/div>\n<\/div>\n\n\n\n<div class=\"wp-block-columns is-layout-flex wp-container-core-columns-is-layout-9d6595d7 wp-block-columns-is-layout-flex\">\n<div class=\"wp-block-column is-layout-flow wp-block-column-is-layout-flow\" style=\"flex-basis:33.33%\">\n<figure class=\"wp-block-image size-full\"><img loading=\"lazy\" decoding=\"async\" width=\"300\" height=\"300\" src=\"https:\/\/shd-evenements.fr\/wp-content\/uploads\/2025\/09\/fr_pim_166630001001_01-300x300-1.png\" alt=\"\" class=\"wp-image-178\"\/><\/figure>\n<\/div>\n\n\n\n<div class=\"wp-block-column is-layout-flow wp-block-column-is-layout-flow\" style=\"flex-basis:66.66%\">\n<p><strong>Plaque de cuisson \u00e0 induction<\/strong><br>La&nbsp;plaque de cuisson \u00e0 induction&nbsp;apporte puissance et efficacit\u00e9 pour la pr\u00e9paration quotidienne des repas.<\/p>\n\n\n\n<p><strong><strong>Tarif journ\u00e9e semaine : 20 \u20ac Tarif Samedi et\/ou Dimanche&nbsp;:<\/strong>&nbsp;30 \u20ac<\/strong><\/p>\n<\/div>\n<\/div>\n\n\n\n<div class=\"wp-block-columns is-layout-flex wp-container-core-columns-is-layout-9d6595d7 wp-block-columns-is-layout-flex\">\n<div class=\"wp-block-column is-layout-flow wp-block-column-is-layout-flow\" style=\"flex-basis:33.33%\">\n<figure class=\"wp-block-image size-full\"><img loading=\"lazy\" decoding=\"async\" width=\"300\" height=\"300\" src=\"https:\/\/shd-evenements.fr\/wp-content\/uploads\/2025\/09\/10010028-3_600x600-300x300-1.jpg\" alt=\"\" class=\"wp-image-179\"\/><\/figure>\n<\/div>\n\n\n\n<div class=\"wp-block-column is-layout-flow wp-block-column-is-layout-flow\" style=\"flex-basis:66.66%\">\n<p><strong>Double Friteuse electrique<\/strong><br><br>Tarif journ\u00e9e semaine : 40 \u20ac Tarif Samedi et\/ou Dimanche : 50 \u20ac<\/p>\n<\/div>\n<\/div>\n\n\n\n<div class=\"wp-block-columns is-layout-flex wp-container-core-columns-is-layout-9d6595d7 wp-block-columns-is-layout-flex\">\n<div class=\"wp-block-column is-layout-flow wp-block-column-is-layout-flow\" style=\"flex-basis:33.33%\">\n<figure class=\"wp-block-image size-full\"><img loading=\"lazy\" decoding=\"async\" width=\"300\" height=\"300\" src=\"https:\/\/shd-evenements.fr\/wp-content\/uploads\/2025\/09\/fr_pim_391574001001_01-300x300-1.png\" alt=\"\" class=\"wp-image-180\"\/><\/figure>\n<\/div>\n\n\n\n<div class=\"wp-block-column is-layout-flow wp-block-column-is-layout-flow\" style=\"flex-basis:66.66%\">\n<p><strong>Percolateur \u00e0 caf\u00e9 &#8211; <\/strong><\/p>\n\n\n\n<p>15 litres &#8211;<br>Tarif journ\u00e9e semaine : 15 \u20ac Tarif Samedi et\/ou Dimanche : 20 \u20ac<\/p>\n<\/div>\n<\/div>\n\n\n\n<div class=\"wp-block-columns is-layout-flex wp-container-core-columns-is-layout-9d6595d7 wp-block-columns-is-layout-flex\">\n<div class=\"wp-block-column is-layout-flow wp-block-column-is-layout-flow\" style=\"flex-basis:33.33%\">\n<figure class=\"wp-block-image size-full\"><img loading=\"lazy\" decoding=\"async\" width=\"300\" height=\"300\" src=\"https:\/\/shd-evenements.fr\/wp-content\/uploads\/2025\/09\/fr_pim_392045001001_01-300x300-1.png\" alt=\"\" class=\"wp-image-183\"\/><\/figure>\n<\/div>\n\n\n\n<div class=\"wp-block-column is-layout-flow wp-block-column-is-layout-flow\" style=\"flex-basis:66.66%\">\n<p><strong>Bain marie electrique<\/strong><br>Bain-marie \u00e9lectrique \u00e0 poser sur table, tout inox<br>avec 3 bacs gastro + couvercles<\/p>\n\n\n\n<p><strong><strong>Tarif journ\u00e9e semaine : 15 \u20ac Tarif Samedi et\/ou Dimanche\u00a0:<\/strong>\u00a020 \u20ac<\/strong><\/p>\n<\/div>\n<\/div>\n\n\n\n<div class=\"wp-block-columns is-layout-flex wp-container-core-columns-is-layout-9d6595d7 wp-block-columns-is-layout-flex\">\n<div class=\"wp-block-column is-layout-flow wp-block-column-is-layout-flow\" style=\"flex-basis:33.33%\">\n<figure class=\"wp-block-image size-full\"><img loading=\"lazy\" decoding=\"async\" width=\"300\" height=\"300\" src=\"https:\/\/shd-evenements.fr\/wp-content\/uploads\/2025\/09\/fr_pim_624609001001_01-300x300-1.png\" alt=\"\" class=\"wp-image-185\"\/><\/figure>\n<\/div>\n\n\n\n<div class=\"wp-block-column is-layout-flow wp-block-column-is-layout-flow\" style=\"flex-basis:66.66%\">\n<p><strong>Trancheuse<\/strong><\/p>\n\n\n\n<p><strong><strong>Tarif journ\u00e9e semaine : 15 \u20ac Tarif Samedi et\/ou Dimanche\u00a0:<\/strong>\u00a020 \u20ac<\/strong><\/p>\n<\/div>\n<\/div>\n\n\n\n<p><a href=\"https:\/\/shd-evenements.fr\/index.php\/machines-sucrees\/\" data-type=\"page\" data-id=\"18\">voir nos locations de machines sucr\u00e9es ici<\/a><\/p>\n","protected":false},"excerpt":{"rendered":"<p>Plancha gaz inox 64 x 34 cm Krampouz Equip\u00e9e d\u2019un syst\u00e8me de r\u00e9gulation thermostatique, cette plancha gaz permet une cuisson de pr\u00e9cision et une r\u00e9activit\u00e9 optimale aux variations de temp\u00e9rature. Sa conception vous assure une r\u00e9partition homog\u00e8ne de la chauffe sur toute la surfaceTarif journ\u00e9e semaine : 30 \u20ac Tarif Samedi et\/ou Dimanche\u00a0:\u00a040 \u20ac CHAFFING [&hellip;]<\/p>\n","protected":false},"author":1,"featured_media":0,"parent":0,"menu_order":0,"comment_status":"closed","ping_status":"closed","template":"","meta":{"footnotes":""},"class_list":["post-20","page","type-page","status-publish","hentry"],"yoast_head":"<!-- This site is optimized with the Yoast SEO plugin v27.0 - https:\/\/yoast.com\/product\/yoast-seo-wordpress\/ -->\n<title>Mat\u00e9riel cuisine - SHD Ev\u00e9nements<\/title>\n<meta name=\"robots\" content=\"index, follow, max-snippet:-1, max-image-preview:large, max-video-preview:-1\" \/>\n<link rel=\"canonical\" href=\"https:\/\/shd-evenements.fr\/index.php\/materiel-cuisine\/\" \/>\n<meta property=\"og:locale\" content=\"fr_FR\" \/>\n<meta property=\"og:type\" content=\"article\" \/>\n<meta property=\"og:title\" content=\"Mat\u00e9riel cuisine - SHD Ev\u00e9nements\" \/>\n<meta property=\"og:description\" content=\"Plancha gaz inox 64 x 34 cm Krampouz Equip\u00e9e d\u2019un syst\u00e8me de r\u00e9gulation thermostatique, cette plancha gaz permet une cuisson de pr\u00e9cision et une r\u00e9activit\u00e9 optimale aux variations de temp\u00e9rature. Sa conception vous assure une r\u00e9partition homog\u00e8ne de la chauffe sur toute la surfaceTarif journ\u00e9e semaine : 30 \u20ac Tarif Samedi et\/ou Dimanche\u00a0:\u00a040 \u20ac CHAFFING [&hellip;]\" \/>\n<meta property=\"og:url\" content=\"https:\/\/shd-evenements.fr\/index.php\/materiel-cuisine\/\" \/>\n<meta property=\"og:site_name\" content=\"SHD Ev\u00e9nements\" \/>\n<meta property=\"article:modified_time\" content=\"2025-09-30T16:59:50+00:00\" \/>\n<meta property=\"og:image\" content=\"https:\/\/shd-evenements.fr\/wp-content\/uploads\/2025\/09\/fr_pim_180082001001_01-300x300-1.png\" \/>\n\t<meta property=\"og:image:width\" content=\"300\" \/>\n\t<meta property=\"og:image:height\" content=\"300\" \/>\n\t<meta property=\"og:image:type\" content=\"image\/png\" \/>\n<meta name=\"twitter:card\" content=\"summary_large_image\" \/>\n<meta name=\"twitter:label1\" content=\"Dur\u00e9e de lecture estim\u00e9e\" \/>\n\t<meta name=\"twitter:data1\" content=\"1 minute\" \/>\n<script type=\"application\/ld+json\" class=\"yoast-schema-graph\">{\"@context\":\"https:\/\/schema.org\",\"@graph\":[{\"@type\":\"WebPage\",\"@id\":\"https:\/\/shd-evenements.fr\/index.php\/materiel-cuisine\/\",\"url\":\"https:\/\/shd-evenements.fr\/index.php\/materiel-cuisine\/\",\"name\":\"Mat\u00e9riel cuisine - SHD Ev\u00e9nements\",\"isPartOf\":{\"@id\":\"https:\/\/shd-evenements.fr\/#website\"},\"primaryImageOfPage\":{\"@id\":\"https:\/\/shd-evenements.fr\/index.php\/materiel-cuisine\/#primaryimage\"},\"image\":{\"@id\":\"https:\/\/shd-evenements.fr\/index.php\/materiel-cuisine\/#primaryimage\"},\"thumbnailUrl\":\"https:\/\/shd-evenements.fr\/wp-content\/uploads\/2025\/09\/fr_pim_180082001001_01-300x300-1.png\",\"datePublished\":\"2025-09-24T17:11:44+00:00\",\"dateModified\":\"2025-09-30T16:59:50+00:00\",\"breadcrumb\":{\"@id\":\"https:\/\/shd-evenements.fr\/index.php\/materiel-cuisine\/#breadcrumb\"},\"inLanguage\":\"fr-FR\",\"potentialAction\":[{\"@type\":\"ReadAction\",\"target\":[\"https:\/\/shd-evenements.fr\/index.php\/materiel-cuisine\/\"]}]},{\"@type\":\"ImageObject\",\"inLanguage\":\"fr-FR\",\"@id\":\"https:\/\/shd-evenements.fr\/index.php\/materiel-cuisine\/#primaryimage\",\"url\":\"https:\/\/shd-evenements.fr\/wp-content\/uploads\/2025\/09\/fr_pim_180082001001_01-300x300-1.png\",\"contentUrl\":\"https:\/\/shd-evenements.fr\/wp-content\/uploads\/2025\/09\/fr_pim_180082001001_01-300x300-1.png\",\"width\":300,\"height\":300},{\"@type\":\"BreadcrumbList\",\"@id\":\"https:\/\/shd-evenements.fr\/index.php\/materiel-cuisine\/#breadcrumb\",\"itemListElement\":[{\"@type\":\"ListItem\",\"position\":1,\"name\":\"Accueil\",\"item\":\"https:\/\/shd-evenements.fr\/\"},{\"@type\":\"ListItem\",\"position\":2,\"name\":\"Mat\u00e9riel cuisine\"}]},{\"@type\":\"WebSite\",\"@id\":\"https:\/\/shd-evenements.fr\/#website\",\"url\":\"https:\/\/shd-evenements.fr\/\",\"name\":\"SHD Ev\u00e9nements\",\"description\":\"Nos limites sont celle de votre imagination\",\"potentialAction\":[{\"@type\":\"SearchAction\",\"target\":{\"@type\":\"EntryPoint\",\"urlTemplate\":\"https:\/\/shd-evenements.fr\/?s={search_term_string}\"},\"query-input\":{\"@type\":\"PropertyValueSpecification\",\"valueRequired\":true,\"valueName\":\"search_term_string\"}}],\"inLanguage\":\"fr-FR\"}]}<\/script>\n<!-- \/ Yoast SEO plugin. -->","yoast_head_json":{"title":"Mat\u00e9riel cuisine - SHD Ev\u00e9nements","robots":{"index":"index","follow":"follow","max-snippet":"max-snippet:-1","max-image-preview":"max-image-preview:large","max-video-preview":"max-video-preview:-1"},"canonical":"https:\/\/shd-evenements.fr\/index.php\/materiel-cuisine\/","og_locale":"fr_FR","og_type":"article","og_title":"Mat\u00e9riel cuisine - SHD Ev\u00e9nements","og_description":"Plancha gaz inox 64 x 34 cm Krampouz Equip\u00e9e d\u2019un syst\u00e8me de r\u00e9gulation thermostatique, cette plancha gaz permet une cuisson de pr\u00e9cision et une r\u00e9activit\u00e9 optimale aux variations de temp\u00e9rature. Sa conception vous assure une r\u00e9partition homog\u00e8ne de la chauffe sur toute la surfaceTarif journ\u00e9e semaine : 30 \u20ac Tarif Samedi et\/ou Dimanche\u00a0:\u00a040 \u20ac CHAFFING [&hellip;]","og_url":"https:\/\/shd-evenements.fr\/index.php\/materiel-cuisine\/","og_site_name":"SHD Ev\u00e9nements","article_modified_time":"2025-09-30T16:59:50+00:00","og_image":[{"width":300,"height":300,"url":"https:\/\/shd-evenements.fr\/wp-content\/uploads\/2025\/09\/fr_pim_180082001001_01-300x300-1.png","type":"image\/png"}],"twitter_card":"summary_large_image","twitter_misc":{"Dur\u00e9e de lecture estim\u00e9e":"1 minute"},"schema":{"@context":"https:\/\/schema.org","@graph":[{"@type":"WebPage","@id":"https:\/\/shd-evenements.fr\/index.php\/materiel-cuisine\/","url":"https:\/\/shd-evenements.fr\/index.php\/materiel-cuisine\/","name":"Mat\u00e9riel cuisine - SHD Ev\u00e9nements","isPartOf":{"@id":"https:\/\/shd-evenements.fr\/#website"},"primaryImageOfPage":{"@id":"https:\/\/shd-evenements.fr\/index.php\/materiel-cuisine\/#primaryimage"},"image":{"@id":"https:\/\/shd-evenements.fr\/index.php\/materiel-cuisine\/#primaryimage"},"thumbnailUrl":"https:\/\/shd-evenements.fr\/wp-content\/uploads\/2025\/09\/fr_pim_180082001001_01-300x300-1.png","datePublished":"2025-09-24T17:11:44+00:00","dateModified":"2025-09-30T16:59:50+00:00","breadcrumb":{"@id":"https:\/\/shd-evenements.fr\/index.php\/materiel-cuisine\/#breadcrumb"},"inLanguage":"fr-FR","potentialAction":[{"@type":"ReadAction","target":["https:\/\/shd-evenements.fr\/index.php\/materiel-cuisine\/"]}]},{"@type":"ImageObject","inLanguage":"fr-FR","@id":"https:\/\/shd-evenements.fr\/index.php\/materiel-cuisine\/#primaryimage","url":"https:\/\/shd-evenements.fr\/wp-content\/uploads\/2025\/09\/fr_pim_180082001001_01-300x300-1.png","contentUrl":"https:\/\/shd-evenements.fr\/wp-content\/uploads\/2025\/09\/fr_pim_180082001001_01-300x300-1.png","width":300,"height":300},{"@type":"BreadcrumbList","@id":"https:\/\/shd-evenements.fr\/index.php\/materiel-cuisine\/#breadcrumb","itemListElement":[{"@type":"ListItem","position":1,"name":"Accueil","item":"https:\/\/shd-evenements.fr\/"},{"@type":"ListItem","position":2,"name":"Mat\u00e9riel cuisine"}]},{"@type":"WebSite","@id":"https:\/\/shd-evenements.fr\/#website","url":"https:\/\/shd-evenements.fr\/","name":"SHD Ev\u00e9nements","description":"Nos limites sont celle de votre imagination","potentialAction":[{"@type":"SearchAction","target":{"@type":"EntryPoint","urlTemplate":"https:\/\/shd-evenements.fr\/?s={search_term_string}"},"query-input":{"@type":"PropertyValueSpecification","valueRequired":true,"valueName":"search_term_string"}}],"inLanguage":"fr-FR"}]}},"_links":{"self":[{"href":"https:\/\/shd-evenements.fr\/index.php\/wp-json\/wp\/v2\/pages\/20","targetHints":{"allow":["GET"]}}],"collection":[{"href":"https:\/\/shd-evenements.fr\/index.php\/wp-json\/wp\/v2\/pages"}],"about":[{"href":"https:\/\/shd-evenements.fr\/index.php\/wp-json\/wp\/v2\/types\/page"}],"author":[{"embeddable":true,"href":"https:\/\/shd-evenements.fr\/index.php\/wp-json\/wp\/v2\/users\/1"}],"replies":[{"embeddable":true,"href":"https:\/\/shd-evenements.fr\/index.php\/wp-json\/wp\/v2\/comments?post=20"}],"version-history":[{"count":6,"href":"https:\/\/shd-evenements.fr\/index.php\/wp-json\/wp\/v2\/pages\/20\/revisions"}],"predecessor-version":[{"id":187,"href":"https:\/\/shd-evenements.fr\/index.php\/wp-json\/wp\/v2\/pages\/20\/revisions\/187"}],"wp:attachment":[{"href":"https:\/\/shd-evenements.fr\/index.php\/wp-json\/wp\/v2\/media?parent=20"}],"curies":[{"name":"wp","href":"https:\/\/api.w.org\/{rel}","templated":true}]}}